is the tens digit of 67999?
9
What is the hundreds digit of 43047?
0
What is the hundreds digit of 8566?
5
What is the units digit of 27803?
3
What is the tens digit of 110753?
5
What is the tens digit of 868?
6
What is the hundreds digit of 1965?
9
What is the ten thousands digit of 15273?
1
What is the thousands digit of 61658?
1
What is the thousands digit of 156623?
6
What is the ten thousands digit of 100238?
0
What is the hundreds digit of 761?
7
What is the units digit of 28218?
8
What is the hundreds digit of 4795?
7
What is the ten thousands digit of 46375?
4
What is the tens digit of 33639?
3
What is the units digit of 71?
1
What is the units digit of 1354?
4
What is the units digit of 1513?
3
What is the thousands digit of 8464?
8
What is the tens digit of 754?
5
What is the hundreds digit of 1285?
2
What is the tens digit of 1451?
5
What is the hundreds digit of 4762?
7
What is the thousands digit of 3120?
3
What is the units digit of 170?
0
What is the tens digit of 14848?
4
What is the tens digit of 5939?
3
What is the thousands digit of 5038?
5
What is the ten thousands digit of 10764?
1
What is the thousands digit of 41115?
1
What is the ten thousands digit of 20120?
2
What is the hundred thousands digit of 124832?
1
What is the units digit of 3710?
0
What is the tens digit of 14700?
0
What is the ten thousands digit of 62253?
6
What is the tens digit of 3310?
1
What is the hundreds digit of 51552?
5
What is the hundreds digit of 30527?
5
What is the tens digit of 14543?
4
What is the tens digit of 3045?
4
What is the tens digit of 30978?
7
What is the units digit of 65968?
8
What is the ten thousands digit of 24789?
2
What is the thousands digit of 15260?
5
What is the thousands digit of 7733?
7
What is the thousands digit of 1765?
1
What is the hundreds digit of 2888?
8
What is the hundreds digit of 132?
1
What is the hundreds digit of 57797?
7
What is the tens digit of 1787?
8
What is the thousands digit of 6022?
6
What is the tens digit of 3299?
9
What is the hundreds digit of 1373?
3
What is the units digit of 1209?
9
What is the units digit of 1342?
2
What is the tens digit of 330?
3
What is the hundreds digit of 18195?
1
What is the hundreds digit of 26684?
6
What is the units digit of 695?
5
What is the units digit of 10959?
9
What is the tens digit of 2689?
8
What is the tens digit of 21718?
1
What is the hundreds digit of 1482?
4
What is the units digit of 62?
2
What is the tens digit of 20260?
6
What is the thousands digit of 2867?
2
What is the hundreds digit of 3399?
3
What is the units digit of 9339?
9
What is the units digit of 10335?
5
What is the thousands digit of 2190?
2
What is the tens digit of 4326?
2
What is the thousands digit of 6169?
6
What is the units digit of 30?
0
What is the thousands digit of 1771?
1
What is the hundreds digit of 2295?
2
What is the tens digit of 19502?
0
What is the hundreds digit of 2014?
0
What is the hundreds digit of 30771?
7
What is the hundreds digit of 957?
9
What is the tens digit of 902?
0
What is the units digit of 12436?
6
What is the thousands digit of 85297?
5
What is the units digit of 9673?
3
What is the thousands digit of 1196?
1
What is the tens digit of 815?
1
What is the units digit of 896?
6
What is the hundreds digit of 1288?
2
What is the hundreds digit of 1307?
3
What is the hundreds digit of 4660?
6
What is the units digit of 600?
0
What is the thousands digit of 37612?
7
What is the units digit of 5325?
5
What is the tens digit of 7914?
1
What is the units digit of 622?
2
What is the hundreds digit of 6488?
4
What is the units digit of 198?
8
What is the units digit of 278?
8
What is the thousands digit of 6097?
6
What is the hundreds digit of 433?
4
What is the hundreds digit of 14772?
7
What is the units digit of 667?
7
What is the tens digit of 28406?
0
What is the tens digit of 947?
4
What is the tens digit of 793?
9
What is the hundreds digit of 3302?
3
What is the units digit of 43886?
6
What is the ten thousands digit of 18337?
1
What is the hundreds digit of 10135?
1
What is the tens digit of 11256?
5
What is the tens digit of 2222?
2
What is the hundreds digit of 208?
2
What is the tens digit of 46606?
0
What is the units digit of 7?
7
What is the tens digit of 1710?
1
What is the units digit of 4340?
0
What is the thousands digit of 2086?
2
What is the units digit of 1083?
3
What is the units digit of 16133?
3
What is the hundreds digit of 1021?
0
What is the thousands digit of 2074?
2
What is the tens digit of 9726?
2
What is the hundreds digit of 3107?
1
What is the tens digit of 2130?
3
What is the units digit of 35730?
0
What is the hundreds digit of 9662?
6
What is the hundreds digit of 815?
8
What is the units digit of 1842?
2
What is the ten thousands digit of 12607?
1
What is the tens digit of 38810?
1
What is the hundreds digit of 22125?
1
What is the tens digit of 28541?
4
What is the ten thousands digit of 43927?
4
What is the units digit of 5521?
1
What is the tens digit of 18296?
9
What is the hundreds digit of 1920?
9
What is the thousands digit of 37831?
7
What is the hundreds digit of 8411?
4
What is the hundreds digit of 24290?
2
What is the thousands digit of 3495?
3
What is the hundreds digit of 16481?
4
What is the ten thousands digit of 20589?
2
What is the units digit of 76140?
0
What is the hundreds digit of 36370?
3
What is the tens digit of 27211?
1
What is the tens digit of 34?
3
What is the units digit of 45841?
1
What is the ten thousands digit of 22585?
2
What is the hundreds digit of 146817?
8
What is the ten thousands digit of 84863?
8
What is the hundreds digit of 890?
8
What is the tens digit of 6740?
4
What is the hundreds digit of 1145?
1
What is the units digit of 1483?
3
What is the tens digit of 1779?
7
What is the tens digit of 897?
9
What is the hundreds digit of 413?
4
What is the tens digit of 57260?
6
What is the tens digit of 3709?
0
What is the hundreds digit of 8962?
9
What is the tens digit of 21908?
0
What is the thousands digit of 26713?
6
What is the tens digit of 171531?
3
What is the tens digit of 1463?
6
What is the units digit of 26241?
1
What is the thousands digit of 5547?
5
What is the units digit of 69231?
1
What is the tens digit of 1711?
1
What is the ten thousands digit of 42646?
4
What is the units digit of 10996?
6
What is the thousands digit of 26356?
6
What is the ten thousands digit of 111457?
1
What is the hundreds digit of 8113?
1
What is the units digit of 6302?
2
What is the tens digit of 19785?
8
What is the hundreds digit of 1728?
7
What is the tens digit of 3457?
5
What is the units digit of 488?
8
What is the hundreds digit of 2410?
4
What is the hundreds digit of 1197?
1
What is the hundreds digit of 5675?
6
What is the hundreds digit of 9051?
0
What is the units digit of 1553?
3
What is the tens digit of 461?
6
What is the tens digit of 26794?
9
What is the units digit of 1605?
5
What is the units digit of 9734?
4
What is the units digit of 27591?
1
What is the units digit of 10028?
8
What is the units digit of 75771?
1
What is the thousands digit of 42273?
2
What is the tens digit of 2901?
0
What is the hundreds digit of 119520?
5
What is the thousands digit of 36878?
6
What is the thousands digit of 50406?
0
What is the hundreds digit of 8340?
3
What is the tens digit of 7617?
1
What is the tens digit of 93230?
3
What is the hundreds digit of 60405?
4
What is the ten thousands digit of 93657?
9
What is the units digit of 2022?
2
What is the units digit of 10758?
8
What is the tens digit of 36?
3
What is the tens digit of 252?
5
What is the units digit of 909?
9
What is the tens digit of 47287?
8
What is the hundreds digit of 1698?
6
What is the thousands digit of 2443?
2
What is the tens digit of 1572?
7
What is the thousands digit of 1850?
1
What is the hundreds digit of 25777?
7
What is the hundreds digit of 1230?
2
What is the units digit of 309?
9
What is the tens digit of 12240?
4
What is the thousands digit of 2246?
2
What is the units digit of 22?
2
What is the hundreds digit of 638?
6
What is the thousands digit of 67410?
7
What is the units digit of 65047?
7
What is the units digit of 194507?
7
What is the hundreds digit of 1271?
2
What is the units digi